4) - 1/s. Let q(m) = 8*m**2 - m + 1. What is the units digit of q(h)?
8
Let t be 32/18 - (-2)/9. Let m be (t/(-3))/(12/54). What is the tens digit of 0 + 1 - 51/m?
1
Let r(l) = -2*l + 4. Let i be r(-7). Let o = -6 - -8. Suppose o*x = -0*x + i. What is the units digit of x?
9
Suppose -4*r + 308 = -4*s, -r - 43 = s - 114. What is the tens digit of r?
7
Let k be 4/6 + (-2)/(-6). Let i(l) = -k + 4*l - 5*l - l. What is the units digit of i(-2)?
3
Suppose 2*k = 4*d + 10, k + 2*d - 15 = -2*k. Suppose -i + 0*i + k = 0. What is the units digit of i?
5
Let v(o) be the first derivative of 3*o**2 - 7*o - 3. Let a be v(6). Let p = a + -14. What is the tens digit of p?
1
Let i = -14 + 4. Let c(q) = -14*q. Let s be c(-1). What is the units digit of 3/5 - s/i?
2
Let s(f) = f**3 + 6*f**2 + 1. Let b = -20 + 14. Let l be s(b). Suppose 0 = 5*o - 21 + l. What is the units digit of o?
4
Let s = 35 + -14. What is the tens digit of s?
2
Suppose 0 = -3*u - 71 + 521. What is the tens digit of u?
5
Suppose 0 = -4*l - l - n + 44, 3*n - 33 = -4*l. Let j = 17 + l. What is the tens digit of j?
2
Let u be ((4 - -3) + -4)/1. Suppose 0 = s + s - 10. Let n = s - u. What is the units digit of n?
2
Suppose 0 = 6*o - 11 - 19. Suppose 225 = o*p + 3*c, -14 - 6 = -4*c. What is the units digit of p?
2
Suppose 0 = -5*s - 2*z + 59, 0*z = -z - 3. What is the tens digit of s?
1
Let z = -6 + -6. Let r = 12 - z. What is the tens digit of r?
2
Let g(j) = -12*j + 6. What is the hundreds digit of g(-16)?
1
Suppose -3*s + 25 = -8*s. What is the units digit of (-76)/(-10) + (-2)/s?
8
Suppose -3*d = 3*l - 147, 6*d - 3*d + l - 155 = 0. What is the units digit of d?
3
Let j(i) = -i**3 - i**2 - 1. Let a be j(-1). Let p = a - -3. What is the units digit of p?
2
Let f(b) = 9*b**3 + b**2 - 1. What is the units digit of f(1)?
9
Suppose 21 = 5*l - 4. Suppose l*c - 4 = 11. What is the units digit of c?
3
Suppose p + 108 = 2*p. Let j = p + -63. What is the tens digit of j?
4
Let h(q) = -q**2 + 2*q + 4. Let k(y) = -y**2 - y - 1. Let t(o) = h(o) - 2*k(o). Let p = 0 + -4. What is the units digit of t(p)?
6
Let h(t) = t**2 + 9*t - 9. Let x be h(-7). Let c = 37 + x. What is the tens digit of c?
1
Let d = 2 - 8. Let n(t) = -2*t + 4. Let g(h) = -h + 3. Let f(p) = -3*g(p) + 2*n(p). What is the units digit of f(d)?
5
Let j be (-2)/(-7) - (-1272)/(-42). Let b = j + 50. What is the tens digit of b?
2
What is the units digit of (-3)/(-2)*(-92)/(-6)?
3
Let w(y) = y**2 + 9*y - 4. What is the tens digit of w(4)?
4
Suppose 2*l - 282 = -42. What is the hundreds digit of l?
1
Suppose 0 = 2*s + 2*s + 5*r, 4*s = -4*r. Suppose -4*v - 5*u + 4*u = -40, s = v + 4*u + 5. What is the units digit of v?
1
Suppose -20*p - 11 = -21*p. What is the tens digit of (-45 - 1)*p/(-22)?
2
Suppose -2*b + 4*l + 884 = 0, -4*b - 4*l = -0*b - 1768. What is the tens digit of b?
4
Let b = -18 + 26. Suppose 5*f - 107 = b. What is the tens digit of f?
2
Let g be (14/(-1))/(6 - 4). Let k(d) = d**3 + 7*d**2 - 4*d - 7. What is the units digit of k(g)?
1
Let r = -724 - -1073. What is the units digit of r?
9
Suppose 2*s + 8 = -2. Let v = 9 + s. What is the units digit of v?
4
Suppose -3*w - 3*x + 30 = 2*w, -5*w - 2*x = -25. Let a = 0 + w. What is the units digit of a + 5/((-5)/2)?
1
Let a = 6 - 4. Let t(d) = a*d - 2 - d + 0. What is the units digit of t(5)?
3
Let z(p) = p**3 + 5*p**2 - 6*p - 1. Let j be z(-6). Let k = 2 - j. What is the units digit of (-45)/3*(-1)/k?
5
Let n(r) = -r**2 + 7*r + 8. Let y be n(8). Suppose y*c - 3*c = -15. What is the units digit of c?
5
Let h(k) = k + 2. Let o be h(0). Suppose 3*s = -5*j + 5, -5*j + 5 = o*s - 5. Suppose j*w - 30 = u - 4*u, 0 = -5*u - 4*w + 42. What is the units digit of u?
6
Let c(o) = 8*o + 1. Suppose -3*t = -5*t + 10. What is the units digit of c(t)?
1
Let g(z) = -7*z**2 - 4*z - 16. Let o(x) = -x**2 - 1. Let s(f) = -g(f) + 6*o(f). What is the tens digit of s(-4)?
1
Let k be (-20)/50 - 47/(-5). Let d = 7 + k. What is the tens digit of d?
1
Suppose -5*q - 5*h = -48 - 137, 2*h + 8 = 0. What is the units digit of q?
1
Let j = 0 + -1. What is the units digit of 10*(j - 3/(-2))?
5
Suppose 2*d = -7 + 153. Suppose 3*t = 4*o + d, -4*o = t - 0*o - 3. What is the tens digit of t?
1
Suppose -5*o - 29 = 2*w - 0*o, -4*o = 2*w + 24. Let z(u) be the second derivative of -u**5/5 - u**4/4 - u**3/6 - u**2/2 - 2*u. What is the units digit of z(w)?
1
Suppose n + 5*s - 28 = 0, -3*n = -n + 5*s - 51. Let q = -2 + n. What is the tens digit of q?
2
Suppose 0*t - 34 = -2*t. Suppose -2*c + 6*c - 80 = 2*i, -2*c + 5*i + 40 = 0. Suppose -4*k - u + 5 = -t, 3*k - u - c = 0. What is the units digit of k?
6
Suppose -4*i = 16 - 0. What is the units digit of (i/2)/(10/(-35))?
7
Let q = 13 + -14. What is the units digit of 1*q/(-2)*26?
3
Let u = -6 - -9. Suppose 2*j = -4*i - 0*j + 36, -j = u*i - 29. Suppose -n - 3 = d - 6*n, -5*n = -3*d + i. What is the units digit of d?
7
Suppose 3*n + 3*i - 144 = 0, 5*n + 0*i = 2*i + 219. What is the units digit of n?
5
Suppose 8*a - 4*a = 0. Let w = 2 - a. Suppose 7 = w*u - 5. What is the units digit of u?
6
Let q(b) be the second derivative of -b**4/12 + 2*b**3/3 + 9*b**2/2 - 2*b. Let y be q(7). What is the units digit of (y/9)/((-2)/6)?
4
Let n(a) = -10*a - 1. Let r be n(-1). Suppose 0 = -5*i + 4*o + 23, 5*i - o + 4*o - r = 0. Suppose 7 = i*m - 5. What is the units digit of m?
4
Let c(a) = a + 18. Let s be c(-13). Suppose s*j - 4*j = 0. Let n = 14 - j. What is the units digit of n?
4
What is the units digit of (-38)/(-10) - 1/(-5)?
4
Let d = 26 + -16. What is the units digit of d?
0
Let m(i) = i + 4. Suppose 2*t - t - 8 = 0. What is the tens digit of m(t)?
1
Let v(i) = i**3 + 12*i**2 - 19*i - 48. What is the hundreds digit of v(-12)?
1
Let l be (9/(-3))/3 + 3. Let o(a) = 10*a**2 - a. What is the tens digit of o(l)?
3
What is the tens digit of -3 - (-368)/(-2 + 6)?
8
Let z = -110 + 125. What is the tens digit of z?
1
Let i(d) be the second derivative of -d**3/6 + d**2 - 2*d. Suppose -h = 3*w + 3, 6 = -h + 4*w + 3. What is the units digit of i(h)?
5
Let n = 63 + -31. Suppose 3*m - 1 = n. What is the tens digit of m?
1
Let g(s) = -s**3 + 6*s**2 + 6*s + 4. Let n be g(7). Let p = -2 - 4. Let w = n - p. What is the units digit of w?
3
Let j be 0 - (-2)/(4/66). Let b be 2/8 - j/(-12). Suppose 0 = -b*r + 2*i + 43, 0 = -2*i + 2. What is the units digit of r?
5
What is the units digit of -4 + (-44)/(-12) - 157/(-3)?
2
Suppose -3*z + 136 = -2*z. What is the hundreds digit of z?
1
Let k(d) = d**3 + 8*d**2 - 11*d + 1. What is the units digit of k(-9)?
9
Let s = -109 - -281. What is the units digit of s?
2
Let l(m) = m**2 + 3*m + 3. Let d be l(-4). Let r(v) = v**2 - 6*v + 10. What is the units digit of r(d)?
7
Let h = 6 + -1. Let f = -2 + h. Suppose -1 = 2*t - f. What is the units digit of t?
1
What is the hundreds digit of (-26)/(-169) + 1636/13?
1
Let w(i) = 5*i**2 + 2*i. Let t(x) = x**3 - 5*x**2 - 2. Let b be t(5). What is the tens digit of w(b)?
1
Let m(n) = 23*n**2 - n. Let y be m(-3). Suppose 0*i + y = 5*i. What is the units digit of i?
2
Let g(p) = -6 + 1 - p**2 - 2*p + p**3 - p - 4*p**2. What is the tens digit of g(6)?
1
What is the units digit of ((-15)/21 + -1)*-7?
2
Let c(d) be the third derivative of -d**5/60 - 7*d**4/24 - d**3/6 - 4*d**2. Let w be c(-8). Let l = w - -20. What is the tens digit of l?
1
Suppose 3*o - 56 = -9*i + 4*i, 4*i + o = 49. What is the tens digit of i?
1
Let j = 1 - -2. Suppose -3*i = -q - 0*i + 8, -2*q - j*i = 2. What is the units digit of q?
2
Let u = 110 - 72. Suppose -u = 6*b - 7*b. What is the tens digit of b?
3
What is the tens digit of (-558)/(-21) + 12/28?
2
Let f be 6/(-2 - (-8)/2). Suppose f*p = m - 2*p - 72, 5*m - 215 = -4*p. What is the units digit of m?
7
Let c be 36 - (0 - (-2 - -4)). Suppose -c = 2*b - 3*b - 5*n, -n = -2*b + 98. What is the units digit of b?
8
Suppose a = -4*a + 2*w - 6, -4*a + 4*w = 12. Let n be (1 + a)*(10 - -3). Let r = -9 + n. What is the units digit of r?
4
Let z = -2 - -7. Let b be (z/(-2) + 2)*-4. Suppose 6*h - 20 = b*h. What is the units digit of h?
5
Suppose 3*z = -3*q + 6, 2*z - 4 = -2*q - 3*z. Suppose 3*v + 79 = q*n, -3*n + 0*n - 5*v + 166 = 0. What is the units digit of n?
7
Let t = -328 + 459. What is the units digit of t?
1
Let z be (16